ose g - 172 = 3*a + 194, -a - 747 = -2*g. What is the units digit of g?
5
Suppose z = -5*l - 24 - 3, 2*l = -2*z - 14. What is the tens digit of (z - 3)/(-1*1/11)?
5
Let m(h) = -4*h**3 + 96*h**2 - 3*h - 15. What is the thousands digit of m(20)?
6
Let c = -261 + 354. What is the units digit of c?
3
Let i(q) = 69*q + 21. Let p(l) = -l**2 - 5*l + 10. Let a be p(-6). What is the units digit of i(a)?
7
Let k be (-175)/14 + 2/(-4). Let c = -13 - k. Suppose 16*l - 13*l - 87 = c. What is the units digit of l?
9
Suppose -2*d = -d - 12. Let z(n) = -n**2 + 12*n + 11. What is the units digit of z(d)?
1
What is the tens digit of 39/234 + 5842/12?
8
Let w be 2 + -2 - (2 - (1 - -1)). Suppose 4*b + 5*u - 459 = w, 5*b - 4*u - 99 = 4*b. What is the units digit of b?
1
Suppose -3*w - 241 = -4*f, f + f + 2*w = 110. Suppose -3*x + 149 = -f. What is the units digit of x?
9
Let x = 48 + -51. What is the tens digit of 2 - (x/3 - 89)?
9
Let z(f) = -1 + 17*f - 3 + 2. Let n be z(-4). Let y = -43 - n. What is the tens digit of y?
2
Suppose -14 + 12 = 2*k. What is the tens digit of 5/k - (10 - 123)?
0
Let s(w) = w**3 - w**2 - w - 2. Let f be s(-2). Suppose -78 = -3*b + 4*t - 2, -69 = -3*b - 3*t. What is the units digit of (0 + -94)*f/b?
7
Let u = -550 + 1261. Suppose 4*p = -135 + u. What is the units digit of -5*(p/10)/(-4)?
8
Let y(x) = x**3 + 51*x**2 - 4*x + 5. What is the tens digit of y(-51)?
0
Suppose 2*f + 5600 = 2*a, -3*a + 5857 + 2545 = -f. What is the thousands digit of a?
2
Suppose -4802 = 10*d - 13472. What is the units digit of d?
7
Let d be ((-2)/8)/((-7)/84). Let u(x) = -8*x + 4*x + 4 - d*x. What is the tens digit of u(-9)?
6
Suppose 3*g + 40 = 142. Let n = 24 - g. What is the units digit of 2/6 - n/6?
2
Let r = -27 - -28. Let f be (-3 - -3)/4*r. Let b = 9 + f. What is the units digit of b?
9
Let j(v) = 461*v**2 - v - 8. What is the units digit of j(-2)?
8
Suppose 301 = k + 3*a, 5*k + 1232 = 9*k - 2*a. What is the tens digit of k?
0
Let d = 61 + 206. What is the hundreds digit of d?
2
Let x(d) = d**3 + d**2 + d. Let c be x(0). Suppose -4*h - q = -2*h - 488, 4*h + q - 972 = c. What is the hundreds digit of h?
2
Suppose 9*v - 14*v = -15. Suppose v*w - 8 = -w. Suppose 0 = -w*n + 4*q + 140, q + 3*q = 4*n - 268. What is the units digit of n?
4
Suppose -1071 = -5*g + 94. What is the units digit of g?
3
Let m(q) = -18*q - 43. Suppose -72 = 2*x - 60. What is the tens digit of m(x)?
6
Suppose -1 = -2*i + 7. Suppose -i*u - 132 = 28. What is the tens digit of ((-32)/u)/(2/25)?
1
Let h(f) = f**3 - 12*f**2 + 48*f - 13. What is the thousands digit of h(14)?
1
Let j = 1051 - 587. What is the tens digit of j?
6
Let c(y) = -35*y + 67. What is the units digit of c(-20)?
7
Let j = 569 + -373. What is the units digit of 1/((-4)/j*-1)?
9
Suppose 3*i = 4*k + 7*i - 16352, -4*k + 16352 = -2*i. What is the tens digit of k?
8
What is the tens digit of 29*((-869)/(-77) - (-2)/(-7))?
1
Let k(m) = 1 - m**3 + 3*m + 2*m**3 - 2*m**3 + 9 + 4*m**2. Let y be k(5). Suppose d - 76 = -3*v + 33, y = 3*d + 15. What is the units digit of v?
8
Let u be (-10)/(-5 - 0) - (-2 + 10). What is the tens digit of 174 - (2/u + 14/(-21))?
7
Suppose -3*t = -8*t + o - 1, -5*o + 5 = 0. Suppose 2*c + c + 288 = t. Let s = -53 - c. What is the tens digit of s?
4
Let o = -10 - -13. Suppose 0 = -2*y + 5*h + 29, -3*y - 5 = 2*y + o*h. What is the units digit of y?
2
Let z(o) = -15*o + 2. Let i be z(-2). Let p(h) = 19*h**3 + h**2 + h. Let r be p(-1). Let x = i + r. What is the units digit of x?
3
Let v(f) be the second derivative of f**3/3 + 12*f**2 - 12*f. Let g(b) = -5*b - 48. Let d(x) = 3*g(x) + 7*v(x). What is the units digit of d(10)?
4
Let r(p) = 87*p + 67. What is the tens digit of r(6)?
8
Let z(o) = o**3 - 4*o**2 + 5*o - 17. Let f be z(4). What is the hundreds digit of (f + -1 - 3)/(5/(-795))?
1
Let i = 2 + 2. Suppose 4*u = 5*v - 210, 85 + 119 = i*v + 4*u. What is the units digit of v?
6
Let q = 4 + -18. Let i be 4/q + 2024/28. Let x = i + -41. What is the tens digit of x?
3
Let z(t) = -148*t - 14. Let j be z(-8). What is the tens digit of (4/(-5))/((-36)/j)?
2
Let u be (0 + 5)/(1/10). Let i = -22 + u. Let b = 39 - i. What is the units digit of b?
1
Suppose 5*d + 29 = -21. Let g = d + 14. Suppose -g*m = -102 + 30. What is the units digit of m?
8
Suppose -3*z + 3*b + 179 = -277, 3*z = -2*b + 466. What is the hundreds digit of z?
1
Suppose 0 = 9*v + 56 + 1366. Let c = v + 234. What is the tens digit of c?
7
Let f = 794 + -259. What is the units digit of f?
5
Let i(o) = o**2 + 3*o - 1. Let t be i(-4). Suppose 0 = -14*y + 14 + 42. Suppose x = -7*p + 3*p + 33, -y*x = -t*p - 75. What is the units digit of x?
1
Let t(d) = -d**2 + 2 - 4 - 8*d + 1 + 0. Let w be t(-5). Suppose 38 = 3*q + w. What is the units digit of q?
8
What is the tens digit of (4 + -2)*(1191/6 - 2)?
9
Let z be (1 + 0)/((-1)/(-7)). Let p(m) = 2*m - 11. Let r be p(z). Suppose j = -0*j - r*s + 44, -4*j = s - 132. What is the units digit of j?
2
Let d be 1/(-2) - (-4194)/(-12). Let b = d - -499. What is the units digit of b?
9
Suppose -6*b + 3*b = -6. What is the tens digit of ((-205)/(-10) + -2)*b?
3
Suppose 0 = -5*p + 10*p + 5. What is the tens digit of 58/3*(4 + p)?
5
Suppose 2 = x - 3. Suppose -6 = -3*u, -5*u + 35 = -0*y + x*y. Suppose -y*v + s - 2*s + 159 = 0, 2*s = 4*v - 116. What is the tens digit of v?
3
Let f = 18 - 14. Let m(u) = -u**2 + 2 + 6*u - 1 + f - 4. What is the units digit of m(3)?
0
Let c(f) = -1 + 2 + 12*f - 2. Let p be c(3). Let l = -17 + p. What is the units digit of l?
8
Suppose b = -i + 3024, -3*i = -5*b + 15225 - 121. What is the hundreds digit of b?
0
Suppose -3 = -3*j, 1445 = m - 9*j + 5*j. What is the tens digit of m?
4
Let m = 3 - 5. Let g(k) be the third derivative of -k**4/8 - k**3/2 + 5*k**2. What is the units digit of g(m)?
3
Suppose 0 = 22*g - 23*g + 325. Suppose -4*l + 941 - g = 0. What is the hundreds digit of l?
1
Let n = 990 + -108. What is the units digit of n?
2
Suppose 125 = -3*x - 2*u + 3*u, -2*u = x + 30. Let c be x/1*17/34. What is the tens digit of (7 + -6)/((-2)/c)?
1
Suppose -2*u - 4*t + 276 = -0*u, -4*u + 557 = 3*t. What is the tens digit of u?
4
Let c be (-4)/(-2) + 1 + 1. Suppose -5 - 3 = -c*t. Suppose -2*p = -4*h + 254, 173 = 3*h - 0*h + t*p. What is the tens digit of h?
6
Let w = -6 - -9. Let o(n) be the third derivative of n**5/30 - n**4/6 + n**3/3 - 25*n**2. What is the units digit of o(w)?
8
Suppose -2*s - 50 = -5*r + 2*s, 5*s = -r + 39. Suppose 10*o + 616 = r*o. What is the units digit of 1/6 + o/12?
3
Suppose 2*k = k + 2. Suppose k*i - 4*x = -i + 169, -3*x + 6 = 0. What is the units digit of i?
9
Let v be (-6 - -2) + 21/1. Suppose -5*u + 3 = -v. Suppose -4*f - 213 = -5*m + 23, -u*m + 160 = 4*f. What is the units digit of m?
4
Suppose -20 = 2*d - 6*d. Suppose d*h - 148 = -2*r + 5*r, 2*r + 118 = 4*h. What is the tens digit of h?
2
Let c = -85 + 1584. What is the tens digit of c?
9
Let q = -21 + 23. Suppose -f = q*f + j - 1, 15 = -3*j. Suppose -4*x - 3*l = -16, 3*l + f*l = 4*x - 16. What is the units digit of x?
4
Let v = 1366 - 445. Suppose 2*z = -5*h + v, -5*z + 730 = 5*h - h. What is the tens digit of h?
8
Let s = -50 - -50. Suppose s*n + 6*n - 516 = 0. What is the units digit of n?
6
Let a be 10/25 + 4/(-10). Let f(m) = -2 - 4 - 18*m + a + 3. What is the units digit of f(-2)?
3
Suppose 0 = -2*j - 294. Let l = -58 - j. What is the units digit of l?
9
Suppose 0 = 2*u - u - 5. Suppose 3*s = -u*b - 1, -b + 0 = 2. Suppose 6*m = s*m + 126. What is the tens digit of m?
4
Suppose 0 = 2*d - 0*d - 52. Let i be (-22)/26 - 4/d. Let m = i - -21. What is the tens digit of m?
2
Let f = 495 - 270. What is the units digit of f?
5
Let w(l) be the second derivative of -l**5/20 - l**4/2 - l**3 + l**2/2 + 3*l. Let s be (-39)/9 - (-2)/(-3). What is the units digit of w(s)?
6
Let u = 1649 - -142. What is the units digit of u?
1
Let y(j) = -11*j**2 - 3*j - 1. Let x(w) = 21*w**2 + 7*w + 1. Let i(h) = -2*x(h) - 5*y(h). What is the units digit of i(-2)?
3
Suppose 0 = 17*r - 3*r - 43218. What is the tens digit of r?
8
Let f(x) = x**3 - 5*x**2 - 2*x + 12. Let j be f(5). What is the tens digit of (-3 - 25/(-10))*(-132)/j?
3
Let s(b) = 3*b**2 - 16*b - 3. Let u be s(7). Suppose 5*x - 4*m - u = 0, -3*x + m + 6 = 3*m. Let o = 